e remainder when h is divided by 84?
9
What is the remainder when 706 is divided by (28 + 35)*161/49?
85
Let o(c) = 5*c**2 + 2*c + 2. Suppose -2 = 14*f + 12. Let g(k) = 3*k + 1. Calculate the remainder when g(6) is divided by o(f).
4
Let k be (-2)/3 - ((-32)/3 + -7). Suppose 147 = k*b - 159. Suppose -3*v + 138 = -v. Calculate the remainder when v is divided by b.
15
Let i = -29702 + 29918. What is the remainder when 1225 is divided by i?
145
Let n = 13 - 4. Suppose 2*o = -2*o + 660. Calculate the remainder when o is divided by 423/n - (-5)/(-1).
39
Suppose -4*y - 20 = 0, 5*z - y - 114 + 749 = 0. Let i be z/(-14) - (-7)/98*-2. Let l(h) = 3*h - 8. What is the remainder when 112 is divided by l(i)?
17
Let i = -5550 + 5564. What is the remainder when 2363 is divided by i?
11
Let z be 4 + 196*1 + (-10 - -6). What is the remainder when 144 is divided by (3/(-6))/(1*(-2)/z)?
46
Suppose 0 = -3*a + 3*p + 2647 - 715, 3200 = 5*a - p. Calculate the remainder when a is divided by 25.
14
Let f(u) = u**2 + 9*u - 7. Let b be f(-10). Suppose -b*l - 40 = -214. What is the remainder when l is divided by 6/(-18) - 98/(-6)?
10
Suppose -5*k - t + 5*t + 250 = 0, 0 = -t + 5. Let x = 62 - k. Let m(l) = l**3 - 9*l**2 + 8*l + 17. Calculate the remainder when 41 is divided by m(x).
7
Let y = 60 + -36. What is the remainder when 61 + ((-2)/4)/(26/(-312)) is divided by y?
19
Let x(h) = h**3 + 7*h**2 + 4*h + 1. Let v be x(-7). Let f = v - -46. Let d(l) = -103*l + 73. Calculate the remainder when d(0) is divided by f.
16
Let n = 153 + -152. What is the remainder when (82/(-4) + n)/(11/(-22)) is divided by 17?
5
Let a(x) = -x**3 - 8*x**2 + x + 11. Let w = -6355 + 6381. Calculate the remainder when w is divided by a(-8).
2
Suppose 3*z - 4*c = 126, -8 = z - 4*c - 58. Calculate the remainder when 42 is divided by z.
4
Let j = 97 - 38. Let m = 53 - j. Calculate the remainder when 4 is divided by (0 + 1)*((-2)/1 - m).
0
Suppose -i = g + 97, 0 = -3*i + 4*g + g - 299. What is the remainder when (-1 + -2)*i/2 is divided by (1 - (3 + -1))/(6/(-300))?
47
Let j(k) = -31*k + 462. What is the remainder when 298 is divided by j(14)?
18
What is the remainder when 1625 is divided by 1/((-2)/(-203)) - (16 + (-372)/24)?
9
Let s(m) = 160*m**2 - 9*m - 2. Let d(k) = -k**3 - 3*k**2 - 4*k - 3. What is the remainder when s(1) is divided by d(-3)?
5
Let f(y) = 78*y + 1078. What is the remainder when f(12) is divided by 119?
110
Let r(y) = 2*y**2 - 49*y + 192. What is the remainder when (-151)/(-2) + -5 + 33/6 is divided by r(4)?
20
Suppose l + 4*y = 20, 0*l - 3*y = 2*l - 15. Suppose -d - 170 = -2*o + 73, l = -2*o + 4*d + 234. What is the remainder when o is divided by 42?
39
Suppose -5*t - 133 = -2*r - 10*t, -231 = -3*r + 3*t. What is the remainder when r is divided by 34?
6
Let d(x) = 120*x + 399. Suppose s - 64 = -5*b, -2*s = 2*b + 3*s - 21. What is the remainder when d(-3) is divided by b?
0
Let x be (-9)/(-6) - 2 - (-152)/16. Let w = 6 - x. Calculate the remainder when 61*w*(-5)/15 is divided by 7.
5
Let x(r) = -r**2 - 9*r + 56. Let t be x(4). Suppose 3*p - 8 = 3*l - 2*l, t*l + 4*p = 48. Let n = 21 - 14. What is the remainder when n is divided by l?
0
Let u = -7436 + 7443. Calculate the remainder when 1040 is divided by u.
4
Let g be (-51)/(-12) - 1/4. Suppose 3*z = -g*z + 70. Calculate the remainder when 145 is divided by z/(-2)*((-444)/(-15))/(-4).
34
Let l(u) = -u - 2. Let y = -86 - -86. Suppose y = 12*s - 0*s - 216. What is the remainder when s is divided by l(-7)?
3
Let d(s) = s**3 + 7*s**2 + 9*s + 1. Suppose -6*z + 100 = -10*z. Let k = -29 - z. Calculate the remainder when 25 is divided by d(k).
12
Suppose -z + 2*a - 12 = 0, 2*z - 4*z + 3*a = 19. Let r(v) = -2*v**3 - 4*v - 3. Let m(n) = -1481*n + 62. What is the remainder when m(0) is divided by r(z)?
20
Let r(n) = n**3 + 3*n**2 - 3*n + 4. Let w = 54 - 58. Let f be r(w). What is the remainder when 41 - (-4 - f)/1 is divided by 16?
13
Let i = -3 - -105. What is the remainder when (-3 + -3)*i/(-9) is divided by 10?
8
Let h be (-2)/7 - (-90)/21. Suppose -h*a - 4*c - 12 = 0, -4*c - 14 = 5*a - 4. Calculate the remainder when (-41)/(-3 + 4/a) is divided by 16.
9
Let h = -9388 + 9658. Calculate the remainder when h is divided by (39/(-2))/(2/(-4)).
36
Suppose -2*c - 30 = -2*p - 214, -2*c - 4 = 0. Suppose 27*u - 32*u + 80 = 0. Calculate the remainder when p/(-1 - 2 - (-1 + 0)) is divided by u.
15
Suppose q - 3 = 0, -3*q + 2 = 5*r - 62. Suppose -5*w = o - 7 + 17, -4*w + o - 17 = 0. Calculate the remainder when 51/3 - w - (6 + -6) is divided by r.
9
Suppose 0 = 6*s - 13 + 1. Let j = 7 + s. Suppose -j = -8*a + 5*a. Calculate the remainder when 13 is divided by a.
1
Let g be (-538)/(-18) + 0 - 200/(-1800). Suppose 48 = 2*b + 5*m, b - 24 = -35*m + g*m. What is the remainder when 82 is divided by b?
10
Suppose w - 8*g = -37, -4*w - 19 = 4*g - 51. What is the remainder when 591 is divided by w?
0
Let x = 412 + -430. Calculate the remainder when 35 is divided by -1*(5 + -8) - x.
14
Suppose -19*u + 720 = -363. Calculate the remainder when u is divided by 36.
21
Suppose -465 = -12*o - 201. What is the remainder when 35 is divided by o?
13
Let n(w) = 2*w**2 - 20*w - 89. Let r be n(19). Calculate the remainder when r/7 + (-294)/(-343) is divided by 8.
5
Suppose 121 = 12*x - 331 - 40. What is the remainder when x is divided by 88/14 - (-2)/(-7)?
5
Suppose 0 = -3*r + 21, 218 + 34 = 3*b - 6*r. What is the remainder when b is divided by ((-25)/4)/(1/(-4))?
23
Calculate the remainder when (4 + 724/3)*((-33)/(-2))/11 is divided by 259.
109
Suppose 9 = 15*c - 12*c. Suppose 3*l - 381 = -c*d, 0 = 4*l - 6*l + 3*d + 259. Calculate the remainder when l is divided by 22.
18
What is the remainder when 2641 is divided by 4/20 + 6/45*(-1584)/(-4)?
44
Let g = -8729 + 8861. What is the remainder when 1846 is divided by g?
130
Let f(w) = 2*w**2 - 6*w - 30. Let q be f(-3). Suppose 3*x = -4*u + 4*x + 42, 0 = -3*x - q. Calculate the remainder when u is divided by 2.
0
Let u = -6166 + 7088. What is the remainder when u is divided by 15?
7
Suppose 9*k + 17 = 44. Suppose -k*f + 225 = -4*p, 5*f = 12*p - 16*p + 407. Calculate the remainder when 233 is divided by f.
75
Let w be ((-25)/(-20))/(4/32). Let m(p) = -p**2 + 20*p - 10. Let k be m(w). Suppose -8*d - k = -11*d. Calculate the remainder when d is divided by 11.
8
Let x = -133 + 146. Let q(i) = 45*i**3 - 2*i + 2. What is the remainder when x + -17 - (2 + -3 - 135) is divided by q(1)?
42
Let u be (3 + 1361)*-4*(-6)/48. Let h = u - 296. Calculate the remainder when h is divided by 15.
11
Let l(m) = 263*m**2 + 4*m + 2. Suppose 5*t + 4*a = 130, -16 = -4*t - 4*a + 92. Calculate the remainder when l(-1) is divided by t.
19
Let f = 1374 - 1312. Let d(y) = y + 12. Let b be d(-5). Suppose -2*q = 2*z - 19 - b, 0 = -q - 5*z + 13. Calculate the remainder when f is divided by q.
10
Calculate the remainder when 45 is divided by 40/(-30)*(-567)/36.
3
Suppose -802*v + 9541 = -599*v. Calculate the remainder when 223 is divided by v.
35
Let d(z) = -222*z**2 + 1912*z - 2. What is the remainder when d(8) is divided by 9?
6
Let h = -6 - -8. Suppose i + h*z - 18 = 0, i - 42 = -0*i + 4*z. Let k = 43 - i. Calculate the remainder when 48 is divided by k.
14
Let x = -140 + 310. Let a = 351 - x. What is the remainder when a is divided by 37?
33
Suppose 3*q + 3 = 0, -10*o = -5*o + 4*q - 16. Suppose 3*c = r - 0*r - 18, 0 = o*r + 5*c - 157. What is the remainder when r is divided by 9?
6
Let r(b) = -9*b - 64. Let k be r(-8). Suppose -7*y + k*y = 54. Calculate the remainder when 101 is divided by y.
47
Let m(r) = 8*r**3 + 2*r**2 - r. Let a be m(1). Let c(j) = 3*j - 20. Let g = -90 + 95. What is the remainder when c(a) is divided by g?
2
Let y(z) = -22*z**3 - 4*z**2 + 61*z - 12. Calculate the remainder when y(-7) is divided by 72.
71
Let s(z) = 3*z - 87. Let p(q) = -61*q - 53. Calculate the remainder when p(-6) is divided by s(32).
7
Suppose 8*m + 2700 = 9*h + 11*m, -4*h + 1200 = -3*m. Calculate the remainder when 1214 is divided by h.
14
Suppose -18 = -b - 16. Suppose -n = -3*y - b*y + 466, 90 = y - n. What is the remainder when y is divided by 16?
14
Suppose -19816 = -63*g - 10859 + 59524. Calculate the remainder when g is divided by 91.
86
Suppose -3*z = n